{"id":94,"date":"2015-06-22T08:16:27","date_gmt":"2015-06-22T05:16:27","guid":{"rendered":"http:\/\/www.makisigorta.com\/?page_id=94"},"modified":"2015-06-23T09:54:41","modified_gmt":"2015-06-23T06:54:41","slug":"tehlikeli-maddeler-zorunlu-sorumluluk","status":"publish","type":"page","link":"http:\/\/www.makisigorta.com.tr\/index.php\/tehlikeli-maddeler-zorunlu-sorumluluk\/","title":{"rendered":"Tehlikeli Maddeler Zorunlu Sorumluluk"},"content":{"rendered":"<p><strong>Sigortan\u0131n Kapsam\u0131<br \/>\n<\/strong>Yan\u0131c\u0131, parlay\u0131c\u0131, patlay\u0131c\u0131 ve yak\u0131c\u0131 maddeleri \u00fcreten, kullanan, depolayan, nakleden veya satanlar\u0131n, bu mesleki faaliyetleri nedeniyle, bu maddelerin do\u011frudan do\u011fruya neden oldu\u011fu olaylar sonucu kusurlar\u0131 olsun olmas\u0131n \u00fc\u00e7\u00fcnc\u00fc ki\u015filere verilecek bedeni ve maddi zararlara kar\u015f\u0131 sorumluluklar\u0131n\u0131 teminat alt\u0131na al\u0131r.<\/p>\n","protected":false},"excerpt":{"rendered":"<p>Sigortan\u0131n Kapsam\u0131 Yan\u0131c\u0131, parlay\u0131c\u0131, patlay\u0131c\u0131 ve yak\u0131c\u0131 maddeleri \u00fcreten, kullanan, depolayan, nakleden veya satanlar\u0131n, bu mesleki faaliyetleri nedeniyle, bu maddelerin do\u011frudan do\u011fruya neden oldu\u011fu olaylar sonucu kusurlar\u0131 olsun olmas\u0131n \u00fc\u00e7\u00fcnc\u00fc &#8230;<\/p>\n","protected":false},"author":1,"featured_media":0,"parent":0,"menu_order":0,"comment_status":"closed","ping_status":"closed","template":"","meta":{"footnotes":""},"_links":{"self":[{"href":"http:\/\/www.makisigorta.com.tr\/index.php\/wp-json\/wp\/v2\/pages\/94"}],"collection":[{"href":"http:\/\/www.makisigorta.com.tr\/index.php\/wp-json\/wp\/v2\/pages"}],"about":[{"href":"http:\/\/www.makisigorta.com.tr\/index.php\/wp-json\/wp\/v2\/types\/page"}],"author":[{"embeddable":true,"href":"http:\/\/www.makisigorta.com.tr\/index.php\/wp-json\/wp\/v2\/users\/1"}],"replies":[{"embeddable":true,"href":"http:\/\/www.makisigorta.com.tr\/index.php\/wp-json\/wp\/v2\/comments?post=94"}],"version-history":[{"count":1,"href":"http:\/\/www.makisigorta.com.tr\/index.php\/wp-json\/wp\/v2\/pages\/94\/revisions"}],"predecessor-version":[{"id":95,"href":"http:\/\/www.makisigorta.com.tr\/index.php\/wp-json\/wp\/v2\/pages\/94\/revisions\/95"}],"wp:attachment":[{"href":"http:\/\/www.makisigorta.com.tr\/index.php\/wp-json\/wp\/v2\/media?parent=94"}],"curies":[{"name":"wp","href":"https:\/\/api.w.org\/{rel}","templated":true}]}}