{"id":11,"date":"2015-06-19T16:52:58","date_gmt":"2015-06-19T13:52:58","guid":{"rendered":"http:\/\/www.makisigorta.com\/?page_id=11"},"modified":"2024-06-10T12:40:25","modified_gmt":"2024-06-10T09:40:25","slug":"iletisim","status":"publish","type":"page","link":"http:\/\/www.makisigorta.com.tr\/index.php\/iletisim\/","title":{"rendered":"Bize Ulasin"},"content":{"rendered":"<p><script src=\"http:\/\/form.jotformeu.com\/jsform\/51734086636359\" type=\"text\/javascript\"><span data-mce-type=\"bookmark\" style=\"display: inline-block; width: 0px; overflow: hidden; line-height: 0;\" class=\"mce_SELRES_start\">\ufeff<\/span><\/script><\/p>\n<h4 style=\"text-align: center;\"><strong>\u00a0<\/strong><\/h4>\n<div id=\"ctl07_maps\" class=\"fleft\">\n<p style=\"text-align: center;\"><iframe loading=\"lazy\" src=\"https:\/\/maps.google.com\/maps\/ms?msa=0&amp;msid=201127267740889242390.0004ec171030d8d45493e&amp;ie=UTF8&amp;ll=36.891253,30.702178&amp;spn=0,0&amp;t=h&amp;output=embed\" width=\"600\" height=\"350\" frameborder=\"0\" marginwidth=\"0\" marginheight=\"0\" scrolling=\"no\"><\/iframe>\u00a0<small>\u015eunu daha b\u00fcy\u00fck bir haritada g\u00f6r\u00fcnt\u00fcle: <a style=\"color: #0000ff; text-align: left;\" href=\"https:\/\/maps.google.com\/maps\/ms?msa=0&amp;msid=201127267740889242390.0004ec171030d8d45493e&amp;ie=UTF8&amp;ll=36.891253,30.702178&amp;spn=0,0&amp;t=h&amp;source=embed\">Maki Sigorta<\/a><\/small><\/p>\n<\/div>\n","protected":false},"excerpt":{"rendered":"<p>\u00a0 \u00a0\u015eunu daha b\u00fcy\u00fck bir haritada g\u00f6r\u00fcnt\u00fcle: Maki Sigorta<\/p>\n","protected":false},"author":1,"featured_media":0,"parent":0,"menu_order":0,"comment_status":"closed","ping_status":"closed","template":"","meta":{"footnotes":""},"_links":{"self":[{"href":"http:\/\/www.makisigorta.com.tr\/index.php\/wp-json\/wp\/v2\/pages\/11"}],"collection":[{"href":"http:\/\/www.makisigorta.com.tr\/index.php\/wp-json\/wp\/v2\/pages"}],"about":[{"href":"http:\/\/www.makisigorta.com.tr\/index.php\/wp-json\/wp\/v2\/types\/page"}],"author":[{"embeddable":true,"href":"http:\/\/www.makisigorta.com.tr\/index.php\/wp-json\/wp\/v2\/users\/1"}],"replies":[{"embeddable":true,"href":"http:\/\/www.makisigorta.com.tr\/index.php\/wp-json\/wp\/v2\/comments?post=11"}],"version-history":[{"count":36,"href":"http:\/\/www.makisigorta.com.tr\/index.php\/wp-json\/wp\/v2\/pages\/11\/revisions"}],"predecessor-version":[{"id":226,"href":"http:\/\/www.makisigorta.com.tr\/index.php\/wp-json\/wp\/v2\/pages\/11\/revisions\/226"}],"wp:attachment":[{"href":"http:\/\/www.makisigorta.com.tr\/index.php\/wp-json\/wp\/v2\/media?parent=11"}],"curies":[{"name":"wp","href":"https:\/\/api.w.org\/{rel}","templated":true}]}}