{"id":106,"date":"2015-06-22T08:18:36","date_gmt":"2015-06-22T05:18:36","guid":{"rendered":"http:\/\/www.makisigorta.com\/?page_id=106"},"modified":"2015-06-23T09:54:04","modified_gmt":"2015-06-23T06:54:04","slug":"mesleki-sorumluluk","status":"publish","type":"page","link":"http:\/\/www.makisigorta.com.tr\/index.php\/mesleki-sorumluluk\/","title":{"rendered":"Mesleki Sorumluluk"},"content":{"rendered":"<p><strong>Sigortan\u0131n Kapsam\u0131<br \/>\n<\/strong>Bu sigorta, oda, birlik, dernek vb. meslek kurulu\u015flar\u0131na \u00fcye, a\u015fa\u011f\u0131da say\u0131lan meslekleri icra eden ki\u015filerin bu meslekleri icra etmeleri s\u0131ras\u0131ndaki yetersiz ve\/veya hatal\u0131 i\u015flemleri sonucunda, \u00fc\u00e7\u00fcnc\u00fc ki\u015filere verebilecekleri zararlar nedeniyle \u00f6demek zorunda kalacaklar\u0131 tazminatlara kar\u015f\u0131 koruma sa\u011flar<\/p>\n","protected":false},"excerpt":{"rendered":"<p>Sigortan\u0131n Kapsam\u0131 Bu sigorta, oda, birlik, dernek vb. meslek kurulu\u015flar\u0131na \u00fcye, a\u015fa\u011f\u0131da say\u0131lan meslekleri icra eden ki\u015filerin bu meslekleri icra etmeleri s\u0131ras\u0131ndaki yetersiz ve\/veya hatal\u0131 i\u015flemleri sonucunda, \u00fc\u00e7\u00fcnc\u00fc ki\u015filere verebilecekleri &#8230;<\/p>\n","protected":false},"author":1,"featured_media":0,"parent":0,"menu_order":0,"comment_status":"closed","ping_status":"closed","template":"","meta":{"footnotes":""},"_links":{"self":[{"href":"http:\/\/www.makisigorta.com.tr\/index.php\/wp-json\/wp\/v2\/pages\/106"}],"collection":[{"href":"http:\/\/www.makisigorta.com.tr\/index.php\/wp-json\/wp\/v2\/pages"}],"about":[{"href":"http:\/\/www.makisigorta.com.tr\/index.php\/wp-json\/wp\/v2\/types\/page"}],"author":[{"embeddable":true,"href":"http:\/\/www.makisigorta.com.tr\/index.php\/wp-json\/wp\/v2\/users\/1"}],"replies":[{"embeddable":true,"href":"http:\/\/www.makisigorta.com.tr\/index.php\/wp-json\/wp\/v2\/comments?post=106"}],"version-history":[{"count":1,"href":"http:\/\/www.makisigorta.com.tr\/index.php\/wp-json\/wp\/v2\/pages\/106\/revisions"}],"predecessor-version":[{"id":107,"href":"http:\/\/www.makisigorta.com.tr\/index.php\/wp-json\/wp\/v2\/pages\/106\/revisions\/107"}],"wp:attachment":[{"href":"http:\/\/www.makisigorta.com.tr\/index.php\/wp-json\/wp\/v2\/media?parent=106"}],"curies":[{"name":"wp","href":"https:\/\/api.w.org\/{rel}","templated":true}]}}